 remainder when 127 is divided by 109?
18
Calculate the remainder when 5628 is divided by 11.
7
Calculate the remainder when 703 is divided by 141.
139
What is the remainder when 249 is divided by 63?
60
Calculate the remainder when 389 is divided by 101.
86
What is the remainder when 1183 is divided by 219?
88
Calculate the remainder when 416 is divided by 100.
16
Calculate the remainder when 61 is divided by 46.
15
Calculate the remainder when 797 is divided by 265.
2
Calculate the remainder when 1944 is divided by 14.
12
What is the remainder when 11295 is divided by 42?
39
What is the remainder when 53 is divided by 35?
18
Calculate the remainder when 7852 is divided by 238.
236
Calculate the remainder when 1152 is divided by 21.
18
What is the remainder when 255 is divided by 47?
20
Calculate the remainder when 331 is divided by 330.
1
Calculate the remainder when 455 is divided by 12.
11
What is the remainder when 72 is divided by 23?
3
Calculate the remainder when 52 is divided by 20.
12
Calculate the remainder when 21 is divided by 11.
10
What is the remainder when 2081 is divided by 693?
2
What is the remainder when 333 is divided by 84?
81
What is the remainder when 443 is divided by 45?
38
What is the remainder when 499 is divided by 63?
58
Calculate the remainder when 1617 is divided by 20.
17
What is the remainder when 139 is divided by 12?
7
What is the remainder when 116 is divided by 13?
12
What is the remainder when 1982 is divided by 62?
60
Calculate the remainder when 877 is divided by 165.
52
Calculate the remainder when 6714 is divided by 82.
72
What is the remainder when 436 is divided by 43?
6
What is the remainder when 502 is divided by 14?
12
Calculate the remainder when 9623 is divided by 166.
161
What is the remainder when 299 is divided by 77?
68
What is the remainder when 348 is divided by 70?
68
Calculate the remainder when 565 is divided by 19.
14
Calculate the remainder when 1347 is divided by 357.
276
Calculate the remainder when 2788 is divided by 22.
16
What is the remainder when 211 is divided by 36?
31
Calculate the remainder when 54 is divided by 13.
2
Calculate the remainder when 36 is divided by 26.
10
Calculate the remainder when 98 is divided by 10.
8
What is the remainder when 14502 is divided by 163?
158
What is the remainder when 380 is divided by 129?
122
Calculate the remainder when 284 is divided by 13.
11
What is the remainder when 1216 is divided by 61?
57
What is the remainder when 167 is divided by 21?
20
Calculate the remainder when 314 is divided by 9.
8
What is the remainder when 8272 is divided by 14?
12
What is the remainder when 461 is divided by 60?
41
Calculate the remainder when 4844 is divided by 161.
14
Calculate the remainder when 1373 is divided by 20.
13
What is the remainder when 1537 is divided by 167?
34
What is the remainder when 49 is divided by 17?
15
Calculate the remainder when 469 is divided by 93.
4
Calculate the remainder when 1665 is divided by 49.
48
What is the remainder when 144 is divided by 37?
33
Calculate the remainder when 5752 is divided by 73.
58
What is the remainder when 42 is divided by 9?
6
What is the remainder when 3157 is divided by 27?
25
What is the remainder when 1355 is divided by 7?
4
What is the remainder when 279 is divided by 20?
19
What is the remainder when 929 is divided by 21?
5
Calculate the remainder when 3509 is divided by 26.
25
What is the remainder when 2204 is divided by 538?
52
What is the remainder when 3482 is divided by 134?
132
Calculate the remainder when 96 is divided by 50.
46
Calculate the remainder when 96 is divided by 9.
6
Calculate the remainder when 236 is divided by 89.
58
Calculate the remainder when 9855 is divided by 77.
76
What is the remainder when 110 is divided by 44?
22
What is the remainder when 326 is divided by 110?
106
What is the remainder when 721 is divided by 146?
137
What is the remainder when 3039 is divided by 169?
166
Calculate the remainder when 148 is divided by 26.
18
What is the remainder when 7651 is divided by 87?
82
Calculate the remainder when 384 is divided by 130.
124
Calculate the remainder when 186 is divided by 11.
10
Calculate the remainder when 507 is divided by 124.
11
Calculate the remainder when 274 is divided by 242.
32
What is the remainder when 7517 is divided by 32?
29
What is the remainder when 330 is divided by 9?
6
Calculate the remainder when 14 is divided by 5.
4
Calculate the remainder when 217 is divided by 33.
19
What is the remainder when 739 is divided by 10?
9
What is the remainder when 449 is divided by 189?
71
Calculate the remainder when 44 is divided by 28.
16
What is the remainder when 9358 is divided by 18?
16
Calculate the remainder when 233 is divided by 78.
77
Calculate the remainder when 44 is divided by 31.
13
Calculate the remainder when 157 is divided by 6.
1
Calculate the remainder when 899 is divided by 43.
39
Calculate the remainder when 232 is divided by 190.
42
What is the remainder when 1249 is divided by 70?
59
What is the remainder when 747 is divided by 7?
5
Calculate the remainder when 1552 is divided by 45.
22
What is the remainder when 661 is divided by 179?
124
Calculate the remainder when 128 is divided by 45.
38
Calculate the remainder when 709 is divided by 37.
6
Calculate the remainder when 392 is divided by 16.
8
Calculate the remainder when 249 is divided by 54.
33
Calculate the remainder when 3478 is divided by 40.
38
Calculate the remainder when 402 is divided by 200.
2
Calculate the remainder when 2586 is divided by 16.
10
Calculate the remainder when 468 is divided by 70.
48
What is the remainder when 199 is divided by 64?
7
What is the remainder when 60 is divided by 38?
22
What is the remainder when 987 is divided by 76?
75
Calculate the remainder when 1481 is divided by 38.
37
Calculate the remainder when 196 is divided by 68.
60
What is the remainder when 1587 is divided by 30?
27
What is the remainder when 1467 is divided by 245?
242
Calculate the remainder when 5560 is divided by 96.
88
What is the remainder when 58 is divided by 30?
28
Calculate the remainder when 3572 is divided by 13.
10
Calculate the remainder when 1442 is divided by 33.
23
What is the remainder when 4333 is divided by 271?
268
Calculate the remainder when 99 is divided by 80.
19
What is the remainder when 944 is divided by 190?
184
Calculate the remainder when 224 is divided by 12.
8
What is the remainder when 652 is divided by 82?
78
What is the remainder when 62 is divided by 34?
28
Calculate the remainder when 112 is divided by 33.
13
What is the remainder when 551 is divided by 46?
45
Calculate the remainder when 477 is divided by 119.
1
Calculate the remainder when 1766 is divided by 29.
26
Calculate the remainder when 410 is divided by 46.
42
Calculate the remainder when 145 is divided by 74.
71
What is the remainder when 6748 is divided by 16?
12
Calculate the remainder when 120 is divided by 62.
58
What is the remainder when 143 is divided by 9?
8
What is the remainder when 113 is divided by 23?
21
Calculate the remainder when 1818 is divided by 581.
75
Calculate the remainder when 232 is divided by 111.
10
What is the remainder when 200 is divided by 36?
20
Calculate the remainder when 287 is divided by 6.
5
Calculate the remainder when 2554 is divided by 12.
10
What is the remainder when 40 is divided by 7?
5
What is the remainder when 694 is divided by 28?
22
What is the remainder when 923 is divided by 278?
89
Calculate the remainder when 369 is divided by 50.
19
What is the remainder when 37 is divided by 6?
1
Calculate the remainder when 18258 is divided by 110.
108
Calculate the remainder when 363 is divided by 52.
51
What is the remainder when 26 is divided by 19?
7
Calculate the remainder when 264 is divided by 30.
24
What is the remainder when 32868 is divided by 173?
171
Calculate the remainder when 163 is divided by 134.
29
What is the remainder when 742 is divided by 62?
60
Calculate the remainder when 946 is divided by 68.
62
Calculate the remainder when 90 is divided by 16.
10
Calculate the remainder when 1293 is divided by 16.
13
What is the remainder when 8922 is divided by 93?
87
What is the remainder when 710 is divided 